 -2405. What are the prime factors of w?
1607
Let j(h) = -1108*h - 34. Let k be j(-7). Suppose -58*i + k = -32*i. What are the prime factors of i?
3, 11
Let r(z) be the first derivative of -z**4/4 + 19*z**3/3 - 35*z**2/2 + 17*z + 13. Let n be r(17). What are the prime factors of (n + 3)/(3 + 1044/(-352))?
2, 11
Let y(g) = g - 8. Let l be y(20). Suppose 0 = -l*h - h + 650. Let i = h - -46. List the prime factors of i.
2, 3
Let q(y) = -16*y + 14025. What are the prime factors of q(0)?
3, 5, 11, 17
Let d(j) = -2*j + 4. Let b be d(11). List the prime factors of 13980/48 + (2 - b/(-8)).
3, 97
Let r = 68916 - 41431. What are the prime factors of r?
5, 23, 239
Suppose -3*n + 5*a + 2045 = 2*n, -3*n = -4*a - 1225. Let q = -127 - -393. Let g = n - q. What are the prime factors of g?
5, 29
Let i = 150 + -150. Suppose 5*f + 49 - 2309 = i. What are the prime factors of f?
2, 113
Let j = 823 - -17. Suppose 2*s + r = 13, r - 20 = -3*s - 0*s. Suppose 5*d = -n + j, s*d - 671 = 3*d - n. What are the prime factors of d?
13
Let k(j) = -4*j**3 - 104*j**2 - 14*j + 32. What are the prime factors of k(-30)?
2, 47, 79
What are the prime factors of (-65)/(-52) + 1/(8/20830)?
5, 521
Suppose -4*g + 49551 + 16785 = -4*m, -5*m = 3*g - 49720. What are the prime factors of g?
2, 5, 829
Let m be (-2)/1*48/32. Let a be (0 - -1)*(m/(-3) + -1). Suppose -3*g + 47 + 46 = a. What are the prime factors of g?
31
Let r = -88 - -88. Suppose r*y + 5*y + 30 = 0. List the prime factors of 45*(-2)/y*3.
3, 5
Let r = -16 - -21. Suppose r*y - 6 - 4 = 0. Suppose l + 0*k = -3*k + 1, 0 = y*k + 6. List the prime factors of l.
2, 5
Suppose -2*u + 521 = w - 3*u, 0 = -5*w - 2*u + 2605. What are the prime factors of w?
521
Suppose -2*m - 22 = -92. List the prime factors of 1290/7 + (-10)/m.
2, 23
Suppose 0 = -2*i, 109*d - 6272 = 105*d + 4*i. List the prime factors of d.
2, 7
Let t be (-3)/12 - 100/(-16). Let l be ((-39)/t - -4)*1*-2. Suppose 0*p - 76 = -p - 4*k, -l*k = -2*p + 139. What are the prime factors of p?
2, 3
Let c = 12 - 8. Suppose r = -4*h + 4, c*r + 4 = 3*r + 4*h. Suppose -4*t + 157 - 101 = r. What are the prime factors of t?
2, 7
Let a be 12/(-21) + (-10)/7. Let f = a - 4. What are the prime factors of 47/((4 + -6)/(f/1))?
3, 47
Suppose -41*h = 2*z - 43*h - 36142, 2*z + 5*h - 36128 = 0. List the prime factors of z.
3, 19, 317
Let b be 14/(-21) + 38/3. Let c(t) = 27*t - 280. Let d be c(10). Let z = b + d. List the prime factors of z.
2
Let x(n) = -4*n**2 - 112*n - 6. Let j be x(-28). List the prime factors of 3/4 + ((-10206)/(-24) - j).
2, 3
Let y(h) be the third derivative of 11*h**5/10 + h**4/12 + 19*h**3/6 + 114*h**2. What are the prime factors of y(-3)?
607
Let l(w) = -w**2 + 6*w + 93. Let q be l(13). Suppose 4*y = 3*g + 2515, 615 = -6*y + 7*y + q*g. List the prime factors of y.
5
Let t(s) = 1452*s**2 + 8*s - 10. What are the prime factors of t(2)?
2, 3, 17, 19
Let o = -118 + 350. Suppose 4*a + 2010 = 2*j + 2*a, 3 = -a. Suppose -j + o = -7*x. List the prime factors of x.
2, 5, 11
Suppose 18*x + 38*x = -18*x + 71558. List the prime factors of x.
967
Let z(w) = -1 + 132*w**2 - 133*w**2 - 40*w + 28*w. List the prime factors of z(-8).
31
Suppose -2*n = -6*n + 20, -3*n = t - 153. Suppose -h + 4*h = -3*d + t, -5*d - h + 226 = 0. Suppose -83 = -z + d. What are the prime factors of z?
2
Suppose -7*m - 305580 = -51*m. What are the prime factors of m?
3, 5, 463
Let t(p) = -p - 1. Let r(q) = 283*q + 13. Let u(k) = 94*k + 4. Let x(b) = -2*r(b) + 7*u(b). Let y(i) = -6*t(i) - x(i). What are the prime factors of y(-2)?
2, 11
Let s = -1210 + 1712. Let l = -344 + s. What are the prime factors of l?
2, 79
Let z = -228 + 224. What are the prime factors of (z - -447) + (-36)/6?
19, 23
Let k = -121 + 126. Suppose -3042 = -k*i - i. What are the prime factors of i?
3, 13
Let i be (8/10)/(8/(-40)) + 2. Let n = 13 - i. What are the prime factors of ((-452)/(-5))/(-2 - (-36)/n)?
2, 113
Suppose -40732 = -3*z + 13*b - 18*b, 5*z - b = 67840. What are the prime factors of z?
3, 4523
Suppose 504*t = 509*t - 25. Suppose -t*a + 1634 = -1301. What are the prime factors of a?
587
Suppose 2*w + 5*g - 399 = 0, -3*w + 477 = -4*g - 179. Let p = 393 - w. What are the prime factors of p?
181
Let b(o) = 4 - 2*o + 8*o**2 + 2*o - 3*o - 2. Let l be b(1). Suppose -2*i = -l*i + 585. What are the prime factors of i?
3, 13
List the prime factors of (-5 - -20 - 18) + (-3558)/(-2).
2, 3, 37
Let a be 2/12 + 39895/606. Let q(r) = r**3 - 2*r**2 - r + 2. Let t be q(2). Suppose 4*b - 8 = t, -b - 172 = -3*m + a. What are the prime factors of m?
2, 5
Suppose -99*n + 401615 = -1835389. What are the prime factors of n?
2, 3, 7, 269
Suppose 9*l = 5*l - 3*q - 10, 4 = -2*q. List the prime factors of 51/119 + (l - 9976/(-14)).
2, 89
Suppose -1579 = 2*s - 5*m, m - 2611 = 5*s + 1371. Let d = s - -1163. List the prime factors of d.
2, 3, 61
Let s be (-6 - -9) + -1 + (0 - -3). Suppose 0*r + 3*r - s*x - 1765 = 0, 0 = -2*r + x + 1179. Suppose -10*f + r = -10. What are the prime factors of f?
2, 3, 5
Let c be ((-52)/(-8) + 4)*10. Suppose c + 295 = -5*a. List the prime factors of (a/12)/(2/(-42)).
2, 5, 7
Suppose -3*x - 3*l + 8 = -22, -5*l = -4*x - 5. Let a be 6/15*(8 - 3). Suppose -5*f = -a*u - 265, x*f + 6*u - 250 = 5*u. What are the prime factors of f?
3, 17
Let j be (2880/(2 - -4))/((-3)/2). Let u = -169 - j. What are the prime factors of u?
151
Let i = 10200 + -7216. List the prime factors of i.
2, 373
Suppose -3*x - 3 + 1 = 2*w, 14 = 3*w - 4*x. Let k be w/6 + 280/(-12) + 4. Let b(i) = -7*i - 28. List the prime factors of b(k).
3, 5, 7
Let x = 738 + 3672. List the prime factors of x.
2, 3, 5, 7
Suppose -2*l + u = -81422, 5*u + 9423 + 31279 = l. Suppose -44*j + l = 8328. What are the prime factors of j?
2, 23
What are the prime factors of (4 - -9156) + -12 - 7?
3, 11, 277
Suppose 10054 = z - 2*i, 6*i = -2*z + 3*i + 20108. List the prime factors of z.
2, 11, 457
Suppose -9*c + 6*c = -o + 6697, o - 6701 = -c. What are the prime factors of o?
2, 5, 67
Let u(y) = 2*y**2 + 3*y + 483498 - 483497 + 0*y**2. Suppose 5 + 2 = -n. List the prime factors of u(n).
2, 3, 13
Let t be ((-53)/3 - -3)*3. Let v = t + 68. Suppose q + 46 = 4*p + 3*q, 2*q = p - v. List the prime factors of p.
2, 7
Let f be (-4)/(-10) + 42432/120. Let k = f - 149. List the prime factors of k.
5, 41
Let b be 5*(123 + 3/((-12)/20)). Suppose 722 = 4*m - b. What are the prime factors of m?
2, 41
Let h(r) = -334 + 0*r + 22*r**2 + 3*r - 4*r + 360. What are the prime factors of h(6)?
2, 7, 29
Suppose 0 = -3*v - 5*p + 60, 0 = -0*v + 3*v - 2*p - 60. Let y be (-2)/3*1*(v - 29). Suppose 3*u + 9 + y = 0, -u = -2*j + 177. List the prime factors of j.
2, 43
Let i(s) = -970*s + 157. List the prime factors of i(-4).
11, 367
Suppose 34860 = 15*a - 5*a - 59840. What are the prime factors of a?
2, 5, 947
Let s be ((-12)/(-20))/(1/20). Suppose s = -2*o + 4*c - 0, 4*o + 3*c = 31. Suppose -o*k + 11 = -5. What are the prime factors of k?
2
Suppose 0 = 3*v - 4*f + 36, 5*v + 30 = -f - 7. What are the prime factors of 820 - (-12)/16*v?
2, 11, 37
Let h = 45 + -41. Suppose -489 = -h*a + 1039. List the prime factors of a.
2, 191
Let a(z) = 735*z**2 - 77*z - 20. What are the prime factors of a(4)?
2, 1429
Let q(b) = -85*b + 68. Let k(v) = 6*v. Let j(t) = 6*k(t) + q(t). What are the prime factors of j(-29)?
1489
Suppose 378 = 3*z + 5*f + 1238, 0 = -3*f + 6. Let m = z + 459. List the prime factors of m.
13
Suppose 0 = -5*t + 107 - 132, -11537 = -3*d - 5*t. What are the prime factors of d?
2, 41, 47
Let i(d) = -d**3 + 24*d**2 - 30*d - 9. Let r(z) = -z**3 + 26*z**2 - 32*z - 9. Let t(g) = 5*i(g) - 4*r(g). List the prime factors of t(10).
7, 53
Suppose -128*j + 51*j = -180257. List the prime factors of j.
2341
List the prime factors of (-80)/12*3423456/(-320).
2, 3, 11887
Let d(t) = t**3 - 18*t**2 + t - 19. Let w be d(18). Let p be (3/5 + w)/((-8)/240). Suppose 9*y + 39 = p*y. What are the prime factors of y?
13
Let j(i) = i**2 - 3*i - 47. Let u(b) = -2*b**2 + 5*b + 94. Let p(x) = -5*j(x) - 3*u(x). What are the prime factors of p(-17)?
2, 11
Let j = 39387 - 16574. List the prime factors of j.
7, 3259
Let k = -2738 + 7513. What are the prime factors of k?
5, 191
Let p(d) = d**3 - 25*d**2 + 38*d + 1. Let i = -655 + 679. Lis